{"id":4439,"date":"2021-10-12T16:27:24","date_gmt":"2021-10-12T19:27:24","guid":{"rendered":"http:\/\/dummy.xtemos.com\/woodmart2\/elementor\/?page_id=4439"},"modified":"2023-11-03T12:56:44","modified_gmt":"2023-11-03T15:56:44","slug":"contacto","status":"publish","type":"page","link":"https:\/\/dentalguzman.cl\/?page_id=4439","title":{"rendered":"Contacto"},"content":{"rendered":"\t\t<div data-elementor-type=\"wp-page\" data-elementor-id=\"4439\" class=\"elementor elementor-4439\" data-elementor-post-type=\"page\">\n\t\t\t\t\t\t<section class=\"elementor-section elementor-top-section elementor-element elementor-element-1c9344a2 elementor-section-boxed elementor-section-height-default elementor-section-height-default\" data-id=\"1c9344a2\" data-element_type=\"section\" data-e-type=\"section\">\n\t\t\t\t\t\t<div class=\"elementor-container elementor-column-gap-default\">\n\t\t\t\t\t<div class=\"elementor-column elementor-col-50 elementor-top-column elementor-element elementor-element-a4e7846\" data-id=\"a4e7846\" data-element_type=\"column\" data-e-type=\"column\">\n\t\t\t<div class=\"elementor-widget-wrap elementor-element-populated\">\n\t\t\t\t\t\t<div class=\"elementor-element elementor-element-bc980c7 elementor-widget elementor-widget-image\" data-id=\"bc980c7\" data-element_type=\"widget\" data-e-type=\"widget\" data-widget_type=\"image.default\">\n\t\t\t\t<div class=\"elementor-widget-container\">\n\t\t\t\t\t\t\t\t\t\t\t\t\t\t\t<img fetchpriority=\"high\" decoding=\"async\" width=\"300\" height=\"300\" src=\"https:\/\/dentalguzman.cl\/wp-content\/uploads\/2023\/11\/IMG-20230925-WA0000-300x300.jpg\" class=\"attachment-medium size-medium wp-image-9721\" alt=\"\" srcset=\"https:\/\/dentalguzman.cl\/wp-content\/uploads\/2023\/11\/IMG-20230925-WA0000-300x300.jpg 300w, https:\/\/dentalguzman.cl\/wp-content\/uploads\/2023\/11\/IMG-20230925-WA0000-430x430.jpg 430w, https:\/\/dentalguzman.cl\/wp-content\/uploads\/2023\/11\/IMG-20230925-WA0000-150x150.jpg 150w, https:\/\/dentalguzman.cl\/wp-content\/uploads\/2023\/11\/IMG-20230925-WA0000-700x700.jpg 700w, https:\/\/dentalguzman.cl\/wp-content\/uploads\/2023\/11\/IMG-20230925-WA0000-800x800.jpg 800w, https:\/\/dentalguzman.cl\/wp-content\/uploads\/2023\/11\/IMG-20230925-WA0000-768x768.jpg 768w, https:\/\/dentalguzman.cl\/wp-content\/uploads\/2023\/11\/IMG-20230925-WA0000-860x860.jpg 860w, https:\/\/dentalguzman.cl\/wp-content\/uploads\/2023\/11\/IMG-20230925-WA0000.jpg 1080w\" sizes=\"(max-width: 300px) 100vw, 300px\" \/>\t\t\t\t\t\t\t\t\t\t\t\t\t\t\t<\/div>\n\t\t\t\t<\/div>\n\t\t\t\t\t<\/div>\n\t\t<\/div>\n\t\t\t\t<div class=\"elementor-column elementor-col-50 elementor-top-column elementor-element elementor-element-41bec3dc\" data-id=\"41bec3dc\" data-element_type=\"column\" data-e-type=\"column\">\n\t\t\t<div class=\"elementor-widget-wrap\">\n\t\t\t\t\t\t\t<\/div>\n\t\t<\/div>\n\t\t\t\t\t<\/div>\n\t\t<\/section>\n\t\t\t\t<\/div>\n\t\t","protected":false},"excerpt":{"rendered":"<p>CONT\u00c1CTANOS RESPONDEREMOS A LA BREVEDAD Av. Providencia 2594, LOCAL 111, Providencia, Regi\u00f3n Metropolitana 222323114 VENTAS@DENTALGUZMAN.CL LLENA LOS CAMPOS A CONTINUACI\u00d3N<\/p>\n","protected":false},"author":1,"featured_media":0,"parent":0,"menu_order":0,"comment_status":"closed","ping_status":"closed","template":"","meta":{"footnotes":""},"class_list":["post-4439","page","type-page","status-publish","hentry"],"_links":{"self":[{"href":"https:\/\/dentalguzman.cl\/index.php?rest_route=\/wp\/v2\/pages\/4439","targetHints":{"allow":["GET"]}}],"collection":[{"href":"https:\/\/dentalguzman.cl\/index.php?rest_route=\/wp\/v2\/pages"}],"about":[{"href":"https:\/\/dentalguzman.cl\/index.php?rest_route=\/wp\/v2\/types\/page"}],"author":[{"embeddable":true,"href":"https:\/\/dentalguzman.cl\/index.php?rest_route=\/wp\/v2\/users\/1"}],"replies":[{"embeddable":true,"href":"https:\/\/dentalguzman.cl\/index.php?rest_route=%2Fwp%2Fv2%2Fcomments&post=4439"}],"version-history":[{"count":25,"href":"https:\/\/dentalguzman.cl\/index.php?rest_route=\/wp\/v2\/pages\/4439\/revisions"}],"predecessor-version":[{"id":9724,"href":"https:\/\/dentalguzman.cl\/index.php?rest_route=\/wp\/v2\/pages\/4439\/revisions\/9724"}],"wp:attachment":[{"href":"https:\/\/dentalguzman.cl\/index.php?rest_route=%2Fwp%2Fv2%2Fmedia&parent=4439"}],"curies":[{"name":"wp","href":"https:\/\/api.w.org\/{rel}","templated":true}]}}